). Let n be (-175)/(-55) + k - (-9)/11. List the prime factors of 2*n*(-226)/(-4).
113
Suppose 6*x - 37 = -7. Suppose -v + 7 = -5*l - 3, -30 = -3*v + x*l. List the prime factors of -12 + v - 110/(-1).
2, 3
Let o = 203 - 104. Let g = 101 - o. Suppose 620 = 4*a + d, -g*a - 4*d + 197 = -127. What are the prime factors of a?
2, 7, 11
Suppose 3742 = 2*m - 5*l, -4*l - 44 + 20 = 0. List the prime factors of m.
2, 29
What are the prime factors of (-137353)/(-10) - (-177)/(-590)?
5, 41, 67
Suppose -8*t = -1695 - 1217. List the prime factors of t.
2, 7, 13
Let p(y) = -y**2 - 6*y + 4. Let d be p(-6). Let n be 3*(4224/18 - -5). Suppose 5*b + n = 3*r, -r + 0*r + 242 = -d*b. What are the prime factors of r?
2, 7, 17
Suppose 48 = -8*g + 72. Suppose o = -4*y + 2427, -5*o + 385 = g*y - 1448. What are the prime factors of y?
2, 3, 101
Let s = 2771 + 4227. What are the prime factors of s?
2, 3499
Suppose -4*q - 5*l - 18265 = 0, -2*l = -4*q - 4*l - 18250. What are the prime factors of (-1)/3*10*q/200?
2, 19
Suppose -30*c - 134*c = -1526348. What are the prime factors of c?
41, 227
Let g = -5382 - -9266. What are the prime factors of g?
2, 971
Suppose 14*w + 737 = 15*w. Let m = 27 - 20. Suppose -w = -m*f + 474. List the prime factors of f.
173
Suppose 105*p - 104*p = 5*g - 18, 4*p = -4*g + 48. Suppose -5*s + 10 = -5. Suppose -20 = -4*j, s*b + g*j - 14 = 47. What are the prime factors of b?
2, 3
Suppose 4*q + 11 = -3*t + 2, q = t - 4. Let z(y) = 8*y**2 - 41*y - 179. Let f be z(-4). Let h = f - q. What are the prime factors of h?
2, 29
Let b be (-114)/24 + 5 + (-1)/4. Suppose -9*k + 0 = -b. Suppose 0*u = 3*u + 2*t - 430, k = -2*u - 2*t + 284. List the prime factors of u.
2, 73
Suppose 3*d - 474 = -141. Suppose -w = -3*j - 126, -2*j = -2*w - 2*w + 554. Let s = w - d. List the prime factors of s.
2, 3, 5
Let t(w) = 2*w**2 + 9*w + 76. Let l be t(-12). Suppose -4*a + l = 2*m - 78, 5*a - 500 = -3*m. List the prime factors of m.
3, 5, 11
What are the prime factors of (3 - 36)*(-2168)/24?
11, 271
Let y(w) = -2*w**3 + 18*w**2 + 29*w - 26. Let f be y(19). What are the prime factors of (-8)/(-2)*f/(-52)?
5, 103
Let r be (-133 - 6)*(-1)/(-1). Let a(i) = -2*i**2 - 10*i - 2. Let o be a(9). Let d = r - o. List the prime factors of d.
5, 23
Suppose -16*d = 5*z - 18*d - 165, -3*d = -2*z + 66. Suppose -33*f + 104214 = z*f. What are the prime factors of f?
1579
Suppose -606*s + 3830096 = -302*s. List the prime factors of s.
43, 293
Let p = -34 - -52. Let d be 16 + p/10 + 1/5. Let z(o) = o**3 - 17*o**2 - 19*o + 22. What are the prime factors of z(d)?
2
Suppose 40 = 9*b + 13. Suppose 0 = -b*d + 19*d - 4544. What are the prime factors of d?
2, 71
Let c(g) = 9*g**3 - 6*g**2 - 21*g - 5. Let z be c(7). List the prime factors of z/5 + (-42)/35 - -2.
23
Let q(k) = -k**3 - 16*k**2 - 43*k - 1933. List the prime factors of q(-30).
11, 1087
Suppose -2*v + 25 = -5*c, 2*c = 2*v + c - 13. Suppose -v = -27*y + 26*y. Suppose 5*w = y*p + 645, w - 70 = 2*p + 63. What are the prime factors of w?
5
Suppose c + 52*p = 55*p + 17924, -2*c - 2*p + 35888 = 0. What are the prime factors of c?
17939
Suppose -24*d + 68*d - 12584 = 0. List the prime factors of d.
2, 11, 13
Let s(j) = 594*j**3 + j**2 - 11*j + 24. What are the prime factors of s(2)?
2, 3, 13, 61
Suppose 4*l + 4*b = 0, 4*b = 3*l + 2*b - 25. Let i(x) = 40*x + 41. What are the prime factors of i(l)?
241
List the prime factors of (-1920)/(-224)*87941/34.
2, 3, 5, 739
Let r be ((-711)/27)/(1/(-3)). Suppose 2*q - 49 - r = 0. What are the prime factors of q?
2
Suppose 16*g = 20*g. Suppose -4*t - 4*i + 3760 = -2*i, t + 5*i - 922 = g. List the prime factors of t.
2, 3, 157
Suppose -12907 = -11*v + 1206. Let i = v + 368. List the prime factors of i.
13, 127
Suppose -55*i - 14*i = -20*i - 937027. List the prime factors of i.
13, 1471
Let f(z) = -36*z - 47. Let h be f(-4). Suppose -10*l + 8607 = h. What are the prime factors of l?
23, 37
Let d = 19837 + -12137. Suppose -2*w + 9*w = d. What are the prime factors of w?
2, 5, 11
Let v(a) = 73*a**2 + a + 1. Let h be v(2). Let g(p) = -3*p**2 - 50*p - 10. Let k be g(-9). Let c = h - k. What are the prime factors of c?
2, 7
Let v(u) be the first derivative of -7*u**3/3 - u**2/2 + 5*u + 16. Let h be v(-2). What are the prime factors of 6/(((-18)/h)/3)?
3, 7
Let z(o) = 4*o + 113. Let g(y) = -4*y + 16. Let n be g(4). Suppose n = -5*a + 14*a. What are the prime factors of z(a)?
113
Suppose -173*v + 743688 = -4077130. List the prime factors of v.
2, 13933
Let z = -1622 + 3226. List the prime factors of z.
2, 401
Let y = 105 - 103. Suppose 4*b + 1632 = 12*t - 8*t, 0 = y*t - 5*b - 810. What are the prime factors of t?
2, 5, 41
Suppose -831 + 87 = -6*m. Suppose -q + 0*q + m = 0. What are the prime factors of q?
2, 31
Let m(c) = 448*c**2 + 162*c + 17. What are the prime factors of m(6)?
17117
Let j = -390 + 392. What are the prime factors of 566 + 4 + 6 + j?
2, 17
Suppose -20*t = -5*l - 18*t + 38227, 5*l - 38223 = -2*t. List the prime factors of l.
5, 11, 139
Let q(m) = m + 1. Let g be q(0). Let t(y) be the first derivative of 45*y**2/2 + 199. List the prime factors of t(g).
3, 5
Let v = -64 + 61. What are the prime factors of -1*(2 - (-4 + 292 + v))?
283
Suppose -26*t + 1610 + 1250 = 0. Suppose -103 = 6*g - 10*g + x, 5*g = 5*x + t. What are the prime factors of g?
3
Suppose 8*j + 14608 = 37064. List the prime factors of j.
7, 401
Let d(y) = -y - 11. Let p be d(-4). Let x = 9 + p. Suppose -x*z = -6*z + 72. What are the prime factors of z?
2, 3
Suppose 15 = 12*t - 9. Suppose -4*x + 4*a + 52 = 0, 4*a - 2*a - 8 = 0. Suppose -1 - x = -t*k. What are the prime factors of k?
3
Let i = -668 - -1970. Suppose -i = j + 13*j. Let o = 20 - j. List the prime factors of o.
113
Suppose -d - 3 = -4. Let t be (10/15)/((-7)/21)*(-2)/4. List the prime factors of (d + t*-31)/(9/(-42)).
2, 5, 7
Let i = -54 + 114. Let g be (32/3)/((-5)/(i/(-8))). Suppose -8*p + g = -0*p. List the prime factors of p.
2
Suppose 0 = -4*q - 3*v + 97815, -9*v + 15 = -6*v. What are the prime factors of q?
2, 3, 5, 163
Let b = -142 - -146. Suppose -b*o - 2*a - 32 = -a, 0 = -4*o + a - 40. Let w(v) = -29*v - 21. List the prime factors of w(o).
2, 3, 5
Suppose 2*v - 2*s = 12, -4*s + 25 = -v + 34. Suppose -v*o + 3284 = 2*g, 15*g - 17*g - 2638 = -4*o. What are the prime factors of o?
2, 7, 47
Suppose 23 - 53 = -6*v. Suppose -161 = v*q - 1386. List the prime factors of q.
5, 7
Suppose -4*x + 49 = -19. Suppose -12*f = -x*f - 210. Let n = -5 - f. What are the prime factors of n?
37
Let h(d) = 2*d**2 - 2*d - 6. Let a be h(3). Suppose -5*f - 4*l + 96 = 0, -f + a*f + 5*l = 100. What are the prime factors of f?
2
Let h = -9663 + 29716. What are the prime factors of h?
11, 1823
Let a(s) be the second derivative of 7*s**4/12 - s**3/2 + 7*s**2 + 55*s. List the prime factors of a(7).
2, 3, 7
Suppose -2807 - 910 = 7*w. Let f = w + 1397. List the prime factors of f.
2, 433
Let v(n) = -21*n**3 + 9*n**3 + 6*n**2 + 22 + 25*n + 11*n**3 + 7*n**2. List the prime factors of v(11).
7, 11
List the prime factors of 22/((-22)/21) + 42039.
2, 3, 47, 149
Suppose 0 = 2*k + 5*j + 36, 2*j = -3*k + 3*j - 88. Let t = 28 + k. Suppose w - 10 = -t*w. What are the prime factors of w?
2, 5
Suppose 4*i - 150 = f, -2*i + 5*f + 180 = 3*i. Suppose 10*h = 8*h + i. Let l = h - -39. List the prime factors of l.
2, 29
What are the prime factors of ((-510)/8)/((-84)/84336)?
3, 5, 17, 251
Suppose -8*r + 3 = -13. Let o be 1/(1/(-2))*-1*r. Suppose o*w - 6*w + 296 = 0. What are the prime factors of w?
2, 37
List the prime factors of 248/(-56) - -4 - (-117494)/14.
2, 1049
Let x = -2 + -58. Let o = 6 - x. Suppose -5*b - 2*l + 896 = 0, -b + 5*l - o = -256. List the prime factors of b.
2, 3, 5
List the prime factors of (-98 - -97) + ((-70918)/(-4) - 2/4).
2, 277
Let m be 2 - -218 - (0 + 1). Let o be (2 + 21/(-15))/((-12)/(-1180)). Suppose h = -4*w - 4*h + m, -w = -3*h - o. List the prime factors of w.
2, 7
Suppose 5*w + 6 = -z + 52, 149 = 5*z - 2*w. Suppose 6*y = 7*y + o - 82, 5*y - 4*o = 428. Let p = y - z. What are the prime factors of p?
53
Let p(h) be the third derivative of -1/3*h**4 + 0*h + 12*h**2 - 1/3*h**3 + 0 + 1/60*h**5. List the prime factors of p(-6).
2, 41
Suppose 2*x - 86 = 2*h, 2*h - 229 = -3*x - 2*x. Suppos